 8, what is -5 - 62660?
-62665
In base 2, what is 1011001011 + -110111?
1010010100
In base 10, what is 3193 + -99?
3094
In base 10, what is 29423 + 0?
29423
In base 16, what is 11 + -11d0?
-11bf
In base 15, what is -3 - -41b4?
41b1
In base 3, what is -201 + 1122020002?
1122012101
In base 11, what is -28 - -99a?
972
In base 4, what is -20233033 - -1000?
-20232033
In base 13, what is -1a8 - -1a?
-18b
In base 9, what is 4 - -58334?
58338
In base 7, what is -10624 + -10?
-10634
In base 4, what is -103201112 + 2?
-103201110
In base 15, what is -d1 - 844?
-925
In base 4, what is -31302020 - -2?
-31302012
In base 6, what is 2 + -4412433?
-4412431
In base 4, what is 20 + 11133230?
11133310
In base 15, what is -d - 80612?
-80620
In base 9, what is -375 - -4366?
3881
In base 14, what is -176 + 1d07?
1b71
In base 12, what is -138 + 13?
-125
In base 8, what is -2 - -2404025?
2404023
In base 14, what is -1b - -18c7d?
18c62
In base 12, what is -35 - 1a02?
-1a37
In base 9, what is -181 - -1577?
1386
In base 3, what is 2 - -2222102111?
2222102120
In base 10, what is -45 - 694?
-739
In base 10, what is 5382976 - 2?
5382974
In base 11, what is -a + -15354?
-15363
In base 13, what is 989 + 199?
b55
In base 10, what is 5330 + 0?
5330
In base 14, what is 10b5 - 17?
109c
In base 7, what is 44644 - -1?
44645
In base 6, what is 50121321 + 1?
50121322
In base 7, what is -646030 + 0?
-646030
In base 12, what is 32 - 6ab2?
-6a80
In base 4, what is -11 - 1000130?
-1000201
In base 12, what is 5136 - -10?
5146
In base 12, what is -2b + -1511?
-1540
In base 15, what is 10 + -10720?
-10710
In base 12, what is -1a2ba + b?
-1a2ab
In base 15, what is b - 5e33?
-5e27
In base 9, what is -81408 - 4?
-81413
In base 9, what is 100 + -204?
-104
In base 10, what is 13 + -36532?
-36519
In base 6, what is 224 - 1424?
-1200
In base 10, what is 21933 - 3?
21930
In base 6, what is -12405 + -1314?
-14123
In base 3, what is 210021212 + 20?
210022002
In base 8, what is 147 + 1640?
2007
In base 8, what is 3501 - -1105?
4606
In base 9, what is 23 - -2758?
2782
In base 5, what is 130 - -14043?
14223
In base 5, what is -141230 + 334?
-140341
In base 16, what is 401 - 2f6?
10b
In base 3, what is -1022100 + 1110?
-1020220
In base 8, what is 4 + -23210?
-23204
In base 10, what is 58455 - 5?
58450
In base 3, what is 201110121202 + 10?
201110121212
In base 13, what is -115201 + -9?
-11520a
In base 10, what is -603 + 1841?
1238
In base 3, what is -20211 + 1002211022?
1002120111
In base 10, what is -8443 - -16?
-8427
In base 8, what is -153535 + -1?
-153536
In base 11, what is 319582 - -4?
319586
In base 8, what is -4214 - 17?
-4233
In base 12, what is -8977 - 7?
-8982
In base 16, what is 0 + d407?
d407
In base 4, what is 2311201021 + 10?
2311201031
In base 12, what is 922a - 4?
9226
In base 16, what is 5f3 - -3d6?
9c9
In base 3, what is 2 + 22100111012?
22100111021
In base 6, what is -3 + 121313?
121310
In base 15, what is -2b - -45e2?
45b6
In base 4, what is -2101202020 + 10?
-2101202010
In base 5, what is -21 + 14330?
14304
In base 14, what is 11b0d - 1d?
11ad0
In base 14, what is -1d217 + 5?
-1d212
In base 14, what is -3 - -14c1d0?
14c1cb
In base 7, what is -5 - -1512011?
1512003
In base 7, what is -2 - 553111?
-553113
In base 11, what is -2a191 + -4?
-2a195
In base 14, what is 28543 + 4?
28547
In base 12, what is -5 - 1467a9?
-1467b2
In base 9, what is -1211407 + 0?
-1211407
In base 8, what is -666 + -322?
-1210
In base 5, what is -220 + -3223?
-3443
In base 14, what is 92a6 + -5?
92a1
In base 16, what is 19 + -557?
-53e
In base 6, what is 24150 - -34?
24224
In base 9, what is 100861 + 10?
100871
In base 14, what is 0 - 23c07?
-23c07
In base 7, what is 2 + 641450?
641452
In base 12, what is 940 - -472?
11b2
In base 10, what is -103 - -6108?
6005
In base 12, what is -6 - 38689?
-38693
In base 4, what is -10020 - 2032?
-12112
In base 16, what is -70d - -7b?
-692
In base 14, what is 3597 + -4?
3593
In base 13, what is 132094 + -4?
132090
In base 5, what is 3 - -42300120?
42300123
In base 11, what is -3 + -a65149?
-a65151
In base 10, what is 46486 - -8?
46494
In base 9, what is 528 - 268?
250
In base 13, what is 521 - -283?
7a4
In base 15, what is 22b0 + 10?
22c0
In base 3, what is -12200001 + -100001?
-20000002
In base 4, what is -10232 - -10210?
-22
In base 8, what is 254300 - -16?
254316
In base 9, what is -6115 + -13?
-6128
In base 7, what is 414 - 126?
255
In base 14, what is -18d - 7?
-196
In base 7, what is 5555 + 142?
6030
In base 13, what is 2808 + c?
2817
In base 11, what is 2878 - 28?
2850
In base 12, what is -13b1b + 1b?
-13b00
In base 8, what is 245 + -67274?
-67027
In base 7, what is -53424365 - 3?
-53424401
In base 14, what is 16 + 146b8?
146d0
In base 3, what is 20 - -11101022?
11101112
In base 8, what is 462 + -172?
270
In base 11, what is -129 - -130?
2
In base 8, what is 67 + -62377?
-62310
In base 5, what is 33 + 244301?
244334
In base 8, what is -13 + 615771?
615756
In base 16, what is 6bed6 - -2?
6bed8
In base 12, what is -1002 + 12?
-bb0
In base 5, what is 1223032 + -23?
1223004
In base 11, what is 4 - -98a7?
9900
In base 13, what is -767a1 + 4?
-7679a
In base 5, what is -103 + -124330?
-124433
In base 13, what is 704 - -137a?
1a81
In base 14, what is 4 + 81d8a?
81d90
In base 6, what is 15 - 250131?
-250112
In base 14, what is d0 - 1cb?
-db
In base 15, what is -37b7e + 3?
-37b7b
In base 6, what is -2 + 21322?
21320
In base 5, what is 32122 + 413?
33040
In base 11, what is 150 + -184?
-34
In base 8, what is -370456 + 11?
-370445
In base 2, what is 1011 + 1101100000?
1101101011
In base 14, what is -cb + -590?
-67b
In base 4, what is 1012313213 + 10?
1012313223
In base 5, what is -42100 - -12?
-42033
In base 6, what is -3001 + -245?
-3250
In base 3, what is -12222 + 100101?
10102
In base 15, what is 944 + -4?
940
In base 4, what is 3 + 113112?
113121
In base 13, what is -10745 - 2?
-10747
In base 11, what is 167 - 3182?
-3016
In base 11, what is -137609 + -2?
-137610
In base 6, what is 45 + -11013?
-10524
In base 11, what is -1441 + 7?
-1435
In base 10, what is 11386 - -4?
11390
In base 6, what is -3 + 1531144?
1531141
In base 12, what is 7 + 1894?
189b
In base 14, what is 3c6 + 881?
c67
In base 13, what is -2 - -48c9b?
48c99
In base 12, what is -923 - 20?
-943
In base 4, what is -2 + -121323331?
-121323333
In base 14, what is -3 - -19b998?
19b995
In base 5, what is 3 - 3213343?
-3213340
In base 14, what is 5 - b7a8d?
-b7a88
In base 7, what is -2 + 1330102?
1330100
In base 16, what is 632 - -8?
63a
In base 13, what is -4 + 5728?
5724
In base 4, what is -31122 + 122?
-31000
In base 9, what is -1 - 32581?
-32582
In base 11, what is 132 - a9?
34
In base 8, what is 1 + 26301?
26302
In base 8, what is -36 - -21754?
21716
In base 4, what is -13202213 - -11?
-13202202
In base 7, what is -13 + -25336?
-25352
In base 9, what is 10 - -3415?
3425
In base 5, what is -240103 - -1?
-240102
In base 15, what is d12 + -3c6?
93b
In base 11, what is 216055 + -1?
216054
In base 6, what is -241213 - -5?
-241204
In base 13, what is 6b4 + -9?
6a8
In base 4, what is -102130300300 + 1?
-102130300233
In base 11, what is 6 - 10612?
-10607
In base 6, what is 3 + 1023413?
1023420
In base 7, what is -6 - -645300?
645261
In base 2, what is 100101000010111011 + 10?
100101000010111101
In base 12, what is 90 - -3?
93
In base 14, what is 1b - -b21?
b3c
In base 16, what is -20d33 + -3?
-20d36
In base 10, what is -1924 - -1526?
-398
In base 9, what is -2 - 340543?
-340545
In base 5, what is 2231403 + 0?
2231403
In base 2, what is 10 - -1010111111000110001?
1010111111000110011
In base 10, what is 0 + -29634?
-29634
In base 15, what is -7210 - 3?
-7213
In base 13, what is 38598 - 0?
38598
In base 6, what is 1340 + -2?
1334
In base 15, what is 2caa94 - -1?
2caa95
In base 8, what is -3 - 2155?
-2160
In base 13, what is 811c1 + b?
811cc
In base 8, what is -3014453 - 5?
-3014460
In base 6, what is 2 - -2201055?
2201101
In base 13, what is 25b17 - -5?
25b1c
In base 12, what is 17 - -2330?
2347
In base 10, what is 14 + 484?
498
In base 2, what is -11010110011101110 + 1?
-11010110011101101
In base 5, what is 21331320 + 2?
21331322
In base 3, what is -21011 - -22202?
1121
In base 8, what is 11707 + 475?
12404
In base 8, wha